u + 9. What is v(w)?
9
Let q = -279 + 180. Let d = -94 - q. Let u(n) = -n**2 + 5*n + 7. Give u(d).
7
Let p be 0 + (6*(-4)/4 - 3). Let i be p/(-63) + (-309)/7. Let w = i - -48. Let q(j) = j + 2. Calculate q(w).
6
Let q(h) = 3*h + 5. Suppose -3*a + 128 = 11. Let t = a + -35. Let s be t + (-2)/8*0. What is q(s)?
17
Let c(a) = -9*a - 144. Let p be (-2)/16 - 16256/1024. Give c(p).
0
Let j(w) be the first derivative of -w**4/4 + 3*w**2/2 - 2*w - 2. Let n = 41 - 32. Let h be (-3)/n + 42/18. Determine j(h).
-4
Let x(v) = 6283 + v**2 - 12362 + 6078 - 8*v. Let u = -8 + 16. Calculate x(u).
-1
Let w(g) be the second derivative of g**6/120 - g**5/10 - g**4/24 + 7*g**3/6 + 5*g**2 + 5*g - 1. Let l(q) be the first derivative of w(q). Determine l(6).
1
Let b(l) = -l**2 + 257258 + 257318 - 514724 - l. What is b(0)?
-148
Suppose 2*o - 57 = 4*a + 205, -5*o + 5*a + 670 = 0. Let b(g) = -o*g**3 - 5*g**2 - 130*g**3 - 5 + 266*g**3 + 3*g + 2*g**2. Suppose -10 = 3*d + 2. What is b(d)?
-1
Suppose 0 = 58*r + 7 - 123. Let w(j) = -2*j**3 + 5*j**2 + 2*j - 6. Calculate w(r).
2
Let g(i) = 21*i**2 - 152*i - 79. Let o(l) = -4*l**2 + 31*l + 16. Let s(t) = -2*g(t) - 11*o(t). Determine s(18).
-36
Let n(t) be the second derivative of -t**5/20 + 5*t**4/12 + 5*t**3/3 + t**2/2 - 3056*t + 1. What is n(7)?
-27
Let z be 18 + 11 + 20868/(-720). Let x(n) be the third derivative of 1/24*n**4 + 33*n**2 + 0*n + 11/3*n**3 + 0 - z*n**5. Determine x(0).
22
Let k(b) = -6*b. Let p(z) = 16*z - 124. Let m be p(7). Let r be (78/(-12) - -7)*m. Calculate k(r).
36
Suppose 2*f - 5 = -5*b, 2*b - 7*b = -3*f - 30. Suppose -17 = -2*x - b*o, 12*x - 7*x - 30 = -5*o. Let l(s) = -27*s**3 + 2*s - 1. Give l(x).
-26
Let f be ((-6)/20)/((-10)/100). Let u(t) = -t**2 - 6*t - 2. Let h be u(-5). Let n(x) = 3*x**2 + x**h + 2*x**2 - 5*x**2 + 4 - 2*x**2. Determine n(f).
13
Let y(o) be the second derivative of 0 + 5/6*o**3 - 1/24*o**4 - 11/2*o**2 + 5*o. Let n(p) be the first derivative of y(p). What is n(-6)?
11
Let h be (29/29)/((-2)/398). Let n = h + 200. Let a(m) = -1 + m**3 + 0 + m**2 + 4*m**3. Give a(n).
5
Let b(d) be the second derivative of -5*d**4/12 - d**3/6 + 3*d**2 - 2074*d - 1. Give b(-3).
-36
Let a(z) be the third derivative of z**6/120 - z**5/15 + 7*z**4/24 - 2*z**3/3 - 5367*z**2. Calculate a(2).
2
Let i(f) = -119*f**2 - 4*f - 5. Suppose -135 = -15*a + 66*a - 84. Calculate i(a).
-120
Let r(k) = 12*k**3 - 4*k**3 + 32*k**2 - 9*k**3 - 12*k - 7*k**2 - 15*k**2 + 21. Give r(9).
-6
Let q = 226 - 233. Let x(j) = 14 - 4*j**2 - 4*j**2 + 4*j**2 - 3*j**2 - j**3 - 5 + j. Determine x(q).
2
Let r(m) = 4*m + 22. Suppose -1098 + 318 = 78*s. Give r(s).
-18
Let n(u) be the second derivative of u**5/20 - u**4/6 + u**3/6 - 3*u**2/2 + 64*u. Let r be (-172)/(-5) + 2/(-5). Let g be 22/(-55) + r/10. Calculate n(g).
9
Let d(i) = i**2 + 6*i + 7. Suppose -28*q - 7*q + 49*q - 126 = 0. Give d(q).
142
Suppose -4*v - 12 + 47 = -f, 5*v - 3*f = 49. Let x be (-15)/(-6)*2/1. Suppose -3*t = -x*t - v. Let r(z) = -2*z + 2. What is r(t)?
10
Suppose 0 = 23*f - 584 - 704. Let h(k) = f + 54 - 107 - 3*k. What is h(5)?
-12
Let y = 203 + -201. Let p(q) = -q**2 - 24 - 2*q**3 - 3*q + 23 + q**2 - 2*q**y. Calculate p(-2).
13
Let y = -38 + 62. Let o = 26 - y. Let w(c) = 2*c**o + 3*c - 3*c**2 + 2*c**2 - 5 + 0*c**2. Calculate w(-4).
-1
Let x(r) = -r**3 + 7*r**2 + 17*r - 70. Let t be x(8). Let w(c) = -5*c**2 - 5 + 6*c**t + 0 + c**3 - 5*c**2. Give w(4).
-5
Let x(t) = 37*t + 5. Let l(f) = f**3 - 7*f**2 + 177*f - 1242. Let c be l(7). What is x(c)?
-106
Let d(f) be the first derivative of -95 + 122 + f**2 - 166. What is d(-3)?
-6
Let q(v) = v - 3. Let p be q(1). Let k = p + 2. Suppose k = -m - 21 + 24. Let j(w) = w**2 - 6*w - 4. Determine j(m).
-13
Let z(t) = -39*t**2 + 2*t + 1. Let g be (-1)/((23 - 29)*(-2)/12). Calculate z(g).
-40
Let t(i) = -330 + 4*i + 29 - 76 - 76 + 31*i. Let k be t(13). Let u(a) = 2*a**3 - a**2 + 5*a - 3. Determine u(k).
19
Suppose -3*c = 21*c + 144. Let v be (16/c)/(16/72). Let d(u) = -u**3 - 12*u**2 - u - 14. Determine d(v).
-2
Suppose -43*l + 760 = -38*l. Let f = l + -153. Let c(x) = 10*x**3 + 2*x**2 - 1. Give c(f).
-9
Let h(c) = -c**3 + 4*c**2 + 8*c - 3. Let j(r) = -20*r - 47. Let f be j(13). Let l = -302 - f. Give h(l).
12
Suppose -a + 4*x = 31, 2*a + 409*x = 406*x + 26. Let w(m) = -m - m - 328 + 24*m**2 + 329. Determine w(a).
23
Let j(a) = 3*a - 2*a + 0 - 3 - 5 + a**2. Let z(u) = -u**3 - 6*u**2 + 5*u - 10. Let k be z(-6). Let q = k - -40. Calculate j(q).
-8
Let q(o) = -1051 - 1048 + 2101 - 4*o. Let x = -588 - -586. What is q(x)?
10
Let z(y) = -y**3 + y**2 + y - 1. Let n(o) = -o**3 - 17*o**2 + 5*o + 89. Let s be n(-17). Suppose 0 = s*c + 3*r + 4, 4*c - 7 - 5 = r. Calculate z(c).
-3
Let m(o) = -o**3 + 12*o**2 - 8*o + 3. Let l be m(11). Suppose i - l = 7*i. Let y(k) = -k**2 - 4*k + 13. Let a be y(i). Let z(p) = 16*p**2 + 1. What is z(a)?
17
Suppose 5*u + 30 = -3*c, -2*c = 14*u - 10*u + 22. Let r(y) = -y**3 - 4*y**2 + 2. Give r(u).
-7
Let w be (-5 - (-203)/35)*(-15)/(-6). Let g(y) = -y**w - 67 + 10*y + 21 + 18 + 17. What is g(9)?
-2
Let d be 0/(2 - 10 - (-1 + -5)). Suppose 2*t - 4*t - 9 = 3*j, t - 4*j - 23 = d. Let m(r) = r**2 - 7*r + 8. Give m(t).
-4
Let b = 318 + -316. Let f(q) = 17*q**b - 104 + 55 + 50. Calculate f(1).
18
Let n(u) = 2*u - 71*u**3 + 10 + 19 - 45 - 39*u**3 + 18. Calculate n(-1).
110
Let u = -2886 - -2884. Let o(b) = 31*b. What is o(u)?
-62
Let c(k) = -k**3 - k**2 - k - 2. Let b(d) = -2*d**2 - 5*d. Let f be b(-1). Suppose z = f*a + 13 - 6, 0 = z + 2. Give c(a).
19
Let t(z) = -10 + 17 - 9 + 7*z - z**2. Suppose 5*j - 440 = 15*j. Let l = 47 + j. Determine t(l).
10
Suppose 6*o - 56 = -l, -79*o + 83*o + 2*l - 40 = 0. Let c(s) = -4*s + 36. Give c(o).
0
Let x(g) = 42*g + 10. Let v(u) = 30*u + 7. Let p(m) = 3*v(m) - 2*x(m). Let j be (0 + 1)/(2/(-8)). Give p(j).
-23
Let k(v) = -13*v**2 - 7*v - 13. Let d(y) = -11*y**2 - 8*y - 9. Let q(z) = 7*d(z) - 6*k(z). Give q(11).
-18
Let z(y) = -41*y + 47. Let n(l) = -111*l + 142. Let o(d) = -4*n(d) + 11*z(d). Calculate o(-8).
5
Let v be ((-84)/15 - -6)*75. Let f(o) = -15 + v + 3*o**2 - 17. Determine f(-3).
25
Let v(n) = n**2 - 1 - n + 0 + 8 - 2 - 5*n. Let b = -2 + 6. Determine v(b).
-3
Let f(u) = -77*u - 2*u**2 - 72*u - 3 - 12 + 0*u**2 + 170*u. Determine f(10).
-5
Let c(f) be the third derivative of 37/60*f**5 + 0 + 0*f**4 + 2*f**2 + 0*f**3 + 136*f. Determine c(-1).
37
Let v(a) = a**3 - 4*a**2 + a + 1. Let q(s) = -5*s - 35. Let p(m) = -4*m - 34. Let g(r) = -2*p(r) + 3*q(r). Let o be g(-11). Let k = o - 36. Give v(k).
5
Let i(n) = 3*n**2 + 5*n + 125. Let a(f) = -2*f**2 - 5*f - 117. Let s(o) = 5*a(o) + 4*i(o). Give s(-5).
-10
Let u(i) = 57*i**3 - 5*i**2 + i - 3. Let g(f) = -71*f**3 + 6*f**2 - 2*f + 2. Let t(v) = -4*g(v) - 5*u(v). Determine t(3).
-2
Let x = 94 + -89. Suppose -23 = x*c - 33. Let y(g) = -1 + 9*g**2 - 7*g**2 + 0*g**2 + c*g. What is y(-2)?
3
Suppose 0 = 12*f - 8*f - 276. Let a = 4 - f. Let h = a + 67. Let q(p) = 11*p - 2. What is q(h)?
20
Let f(p) = 44*p - 1. Let k(v) = 2*v**2 + 52*v - 48. Let d be k(-27). Suppose -i + 7 = d*i. What is f(i)?
43
Let x(l) be the first derivative of -3*l**2 - 13*l + 34. Let p be -6 - 7*30/70. Calculate x(p).
41
Let s = 12653 + -8563. Let d(v) = -2*v - 5 + s*v**2 - 4089*v**2 + 4*v. What is d(-5)?
10
Let u(y) be the second derivative of y**5/20 + 4*y**3/3 + 6*y**2 - 48*y - 2. Let v be u(-2). Let o(m) = -m**3 - 11*m**2 + 13*m + 13. Determine o(v).
1
Let y = -4 - 0. Let m(d) = d**2 - 5*d - 2. Let q(u) = -u**2 + 5*u + 2. Let b(j) = y*q(j) - 3*m(j). Suppose -6 = -0*n + n, 0 = 3*t + 4*n + 6. What is b(t)?
4
Let c(l) = -3*l**2 - 3*l + 10. Let j = -8140 - -8142. Determine c(j).
-8
Let l be -16 + 20 + (1014/3 - -3). Let i = 342 - l. Let w(s) = -3 - s + 5 - 2*s**2 - 2*s. Give w(i).
-7
Suppose 29*i - 3052 = 330*i + 135*i. Let g(s) = -s - s + s + 0. Give g(i).
7
Let b(y) be the third derivative of y**6/120 - 7*y**5/60 + y**4/3 - 2*y**3/3 - 75*y**2. Let j be 44/8 - 1*4/(-8). Calculate b(j).
8
Let y(j) = -5*j + 11. Suppose -134*z - 755 - 94 = 491. Give y(z).
61
Suppose 0 = -16*h + 15*h - 1, 2*u + h - 41 = 0. Let l(n) = n**3 - 20*n**2 - 18*n - 48. Determine l(u).
15
Let m(a) be the first derivative of 81 + 3*a + a**3 + 1/4*a**4 + 0*a**2. Let n(x) = -x**2 + 5*x - 4. Le